1209748 is divided by 84?
64
Calculate the remainder when 1372638 is divided by 28.
22
What is the remainder when 1573147 is divided by 785450?
2247
Calculate the remainder when 1560694 is divided by 50340.
154
Calculate the remainder when 19828065 is divided by 27.
21
What is the remainder when 927026 is divided by 62?
2
Calculate the remainder when 1280205 is divided by 17290.
745
What is the remainder when 6584492 is divided by 658445?
42
Calculate the remainder when 984324 is divided by 8265.
789
What is the remainder when 48701 is divided by 328?
157
What is the remainder when 102385 is divided by 14613?
94
What is the remainder when 619993 is divided by 349?
169
Calculate the remainder when 34009044 is divided by 50.
44
What is the remainder when 550958374 is divided by 2507?
2505
What is the remainder when 952057 is divided by 68003?
15
Calculate the remainder when 14068 is divided by 3993.
2089
What is the remainder when 92343303 is divided by 23503?
16
Calculate the remainder when 164991 is divided by 2009.
253
Calculate the remainder when 1436602 is divided by 1618.
1436
What is the remainder when 69484455 is divided by 2779378?
5
Calculate the remainder when 27418591 is divided by 5324.
5315
Calculate the remainder when 25982 is divided by 4901.
1477
Calculate the remainder when 130451001 is divided by 114.
3
Calculate the remainder when 11819270 is divided by 5293.
1
What is the remainder when 453553019 is divided by 137?
134
What is the remainder when 114181552 is divided by 5?
2
What is the remainder when 4942075 is divided by 1186?
13
What is the remainder when 871702 is divided by 145277?
40
Calculate the remainder when 6237724 is divided by 86635.
4
Calculate the remainder when 5847094 is divided by 175.
169
Calculate the remainder when 45499 is divided by 732.
115
What is the remainder when 69234 is divided by 33535?
2164
What is the remainder when 2662688 is divided by 13940?
148
Calculate the remainder when 16791258 is divided by 940.
38
Calculate the remainder when 627434 is divided by 29540.
7094
Calculate the remainder when 12917 is divided by 99.
47
Calculate the remainder when 5990470 is divided by 124801.
22
What is the remainder when 111357 is divided by 12373?
0
Calculate the remainder when 117780039 is divided by 3829.
3828
Calculate the remainder when 7782465 is divided by 2648.
2641
Calculate the remainder when 17430069 is divided by 871495.
169
What is the remainder when 61968 is divided by 28795?
4378
What is the remainder when 4049773 is divided by 115703?
168
Calculate the remainder when 47982 is divided by 47958.
24
Calculate the remainder when 7105159 is divided by 30.
19
What is the remainder when 140855454 is divided by 65?
64
What is the remainder when 684611 is divided by 467?
456
What is the remainder when 33580 is divided by 3053?
3050
What is the remainder when 138730624 is divided by 27746122?
14
What is the remainder when 11683 is divided by 80?
3
What is the remainder when 63063290 is divided by 2587?
2578
What is the remainder when 172812 is divided by 24452?
1648
What is the remainder when 1467504 is divided by 733306?
892
Calculate the remainder when 1460553 is divided by 9543.
474
Calculate the remainder when 80600 is divided by 80232.
368
Calculate the remainder when 9292 is divided by 2452.
1936
Calculate the remainder when 1181193 is divided by 590554.
85
Calculate the remainder when 22603329 is divided by 94.
89
Calculate the remainder when 819334 is divided by 382.
326
Calculate the remainder when 27647 is divided by 256.
255
Calculate the remainder when 343929 is divided by 1530.
1209
What is the remainder when 2176286 is divided by 1297?
1217
Calculate the remainder when 1717204 is divided by 10800.
4
What is the remainder when 291352 is divided by 96?
88
What is the remainder when 9835108 is divided by 150?
58
Calculate the remainder when 722159 is divided by 562.
551
Calculate the remainder when 6830390 is divided by 120.
110
What is the remainder when 888039 is divided by 286?
9
Calculate the remainder when 29703529 is divided by 39.
37
What is the remainder when 31024 is divided by 11106?
8812
What is the remainder when 344200 is divided by 499?
389
What is the remainder when 64302 is divided by 16?
14
Calculate the remainder when 190093824 is divided by 6769.
6766
Calculate the remainder when 41770166 is divided by 124.
22
What is the remainder when 5379594 is divided by 73?
5
What is the remainder when 405973 is divided by 45079?
262
What is the remainder when 1663603 is divided by 176?
51
What is the remainder when 604481057 is divided by 89?
88
Calculate the remainder when 129859 is divided by 32130.
1339
Calculate the remainder when 30505057 is divided by 42.
37
Calculate the remainder when 9170 is divided by 939.
719
What is the remainder when 563086 is divided by 21657?
4
Calculate the remainder when 76934 is divided by 1263.
1154
Calculate the remainder when 177490 is divided by 5714.
356
Calculate the remainder when 1368030 is divided by 3152.
62
What is the remainder when 164689 is divided by 20438?
1185
Calculate the remainder when 656650 is divided by 1220.
290
Calculate the remainder when 245817 is divided by 181.
19
Calculate the remainder when 322502 is divided by 4552.
3862
Calculate the remainder when 1309120 is divided by 18.
16
What is the remainder when 68751 is divided by 193?
43
Calculate the remainder when 2672656 is divided by 229.
226
What is the remainder when 338291 is divided by 12528?
35
What is the remainder when 35109 is divided by 3202?
3089
Calculate the remainder when 119339 is divided by 97.
29
Calculate the remainder when 2203672 is divided by 26.
16
What is the remainder when 28660613 is divided by 74637?
5
What is the remainder when 599130 is divided by 3255?
210
Calculate the remainder when 37096098 is divided by 35296.
2
Calculate the remainder when 142138 is divided by 60.
58
What is the remainder when 950634 is divided by 24375?
9
Calculate the remainder when 8067988 is divided by 8760.
28
Calculate the remainder when 1620141 is divided by 117.
42
Calculate the remainder when 1613233 is divided by 23380.
13
Calculate the remainder when 300770 is divided by 8805.
1400
Calculate the remainder when 7550090 is divided by 19.
3
What is the remainder when 6038883 is divided by 959?
60
What is the remainder when 553575 is divided by 5635?
1345
What is the remainder when 10943954 is divided by 15?
14
Calculate the remainder when 15060530 is divided by 2908.
2906
Calculate the remainder when 4011049 is divided by 9665.
74
What is the remainder when 914755 is divided by 944?
19
What is the remainder when 562278671 is divided by 564?
563
What is the remainder when 80527 is divided by 19933?
795
Calculate the remainder when 50877507 is divided by 8479584.
3
What is the remainder when 94050 is divided by 1092?
138
Calculate the remainder when 167199 is divided by 63.
60
What is the remainder when 6494790 is divided by 321?
318
Calculate the remainder when 8953339 is divided by 6737.
6603
What is the remainder when 183107952 is divided by 20?
12
Calculate the remainder when 1855892 is divided by 98.
66
Calculate the remainder when 2715854 is divided by 177.
143
What is the remainder when 674159 is divided by 10091?
8153
Calculate the remainder when 3306485 is divided by 301.
0
Calculate the remainder when 680971 is divided by 6364.
23
Calculate the remainder when 71112 is divided by 1036.
664
What is the remainder when 22323488 is divided by 5012?
40
What is the remainder when 120134649 is divided by 50?
49
Calculate the remainder when 2515064 is divided by 4037.
13
What is the remainder when 1107289 is divided by 25?
14
What is the remainder when 3215 is divided by 1586?
43
What is the remainder when 172714 is divided by 12?
10
Calculate the remainder when 1905800 is divided by 369.
284
Calculate the remainder when 1110940 is divided by 1792.
1692
Calculate the remainder when 1124188288 is divided by 131.
129
Calculate the remainder when 136161 is divided by 2196.
9
What is the remainder when 475823 is divided by 158606?
5
Calculate the remainder when 452198190 is divided by 3433.
3430
Calculate the remainder when 35772145 is divided by 22843.
7
Cal